r**4/8 + 11*r**3/6 + 16*r**2. Is w(12) composite?
False
Suppose 2*f = 4*v - 39156, -2*f = 2*v - v - 9799. Is v a composite number?
False
Let h(b) = -b**2 - 2*b + 127. Let a = 9 - 9. Suppose a*u = -3*u. Is h(u) composite?
False
Suppose -6*g + 2595 = -g. Suppose 596 + g = 5*y. Is y composite?
False
Suppose -2*n + 4 = 5*p, 5*p + n - 16 = 3*n. Is 105/28 - p/(-8) prime?
False
Let i(g) = 846*g**2 - 4*g + 7. Is i(-3) composite?
True
Suppose -2*n - 32 = 2*n. Let v = n - -9. Let b(j) = 164*j - 1. Is b(v) prime?
True
Suppose -2*v = 5*l - 6*v - 31, 8 = -4*l - 5*v. Suppose -5*q + 5 = 0, -2*z - 4*q = -l*z. Suppose z*b - 881 = 1803. Is b a prime number?
False
Let l = 3794 + -1695. Is l prime?
True
Let u = 77 + -67. Is (u - 4 - 7)/((-1)/6007) a prime number?
True
Let a(p) = 1114*p**2 - 4*p. Let r be a(1). Let x = -631 + r. Is x a prime number?
True
Let b(q) be the first derivative of -q**3/3 + 3*q - 6. Let z be b(-4). Let w(r) = 13*r**2 + 22*r - 16. Is w(z) a prime number?
False
Suppose 16 = 3*w - 5*s - 5, 0 = -s - 3. Suppose 2*f - 2702 = -w*c - 3*f, -5*c - 5*f = -6785. Is c a composite number?
False
Suppose -267498 + 33779 = -19*l. Is l prime?
True
Let g(b) = -237*b + 13 - 6 - 95*b. Let j(o) = 166*o - 4. Let w(r) = -3*g(r) - 5*j(r). Is w(2) composite?
False
Suppose -8*b = -5*b - 24. Is 2342/b + 8/32 prime?
True
Let q be (12/(-6))/(2*-1). Is (-5)/(-15)*4971 + (1 - q) composite?
False
Suppose 2*b - 33 + 279 = -4*j, 3*b + 391 = 5*j. Let r = b - -314. Is r a composite number?
True
Let n be (0 - (2 - 2)) + 172. Let w = n + -120. Is w*((-42)/(-8) - 1) prime?
False
Let a(f) = 25*f**2 - 3*f + 1. Let q = -7 + 4. Let t be 0 + -1 - (q - -5). Is a(t) prime?
False
Is ((10 + -5)*-11)/(-1) a prime number?
False
Let d(y) = -5*y**2 + 8803. Is d(0) a prime number?
True
Let d(i) = -i**3 + 14*i**2 - 9*i + 6. Let g(r) = -r + 18. Let b be g(5). Is d(b) a prime number?
False
Let o(q) = 62*q**2 - 4*q + 2. Let m be o(2). Let n = 404 - m. Suppose 0 = -5*z + n + 23. Is z a prime number?
True
Let f(x) = -80*x - 4. Let v(a) = -53*a - 3. Let k(b) = -5*f(b) + 7*v(b). Let m be k(1). Let z = 65 - m. Is z prime?
True
Is ((-425)/(-75))/(1/33) composite?
True
Is (-18474)/8*((-24)/9)/2 a prime number?
True
Suppose -16*q + 980170 = -22886. Is q prime?
False
Suppose 7*c - 4*c = -2*i + 25401, 0 = 4*i. Is c a composite number?
False
Let z(u) = 64*u**2 - 1. Suppose 2*t = 5*t - 9. Let a be z(t). Suppose 6*f + a = 5*s + 2*f, f = 4*s - 471. Is s composite?
True
Let f = 44 + -23. Is (-3199 + f)*2/(-4) composite?
True
Let g(w) = w**2 + 2*w - 5. Let t be g(2). Suppose -18 = -t*z + c, -4*c - 2 + 0 = -2*z. Is z a prime number?
True
Let y = -6038 + 10551. Is y a composite number?
False
Let y(v) = 2*v**2 + 18*v + 3*v**2 - v**2 - 5 + 0*v**2. Is y(-10) prime?
False
Let n(w) = 39*w - 15. Let j(g) = -19*g + 8. Let c(d) = 9*j(d) + 4*n(d). Let u be -7 + (-7 + 1)/(-3). Is c(u) a prime number?
False
Suppose -5*d + 0*d + 4415 = 0. Suppose 2*n - d = n. Suppose 0*u - 2*u = 3*w - 449, 4*u + 3*w - n = 0. Is u a composite number?
True
Let m = 33 - 33. Suppose m*q + q = 149. Is q prime?
True
Let i be 10/6 + 12/(-18). Let c be (i - 0)*-1 - -6. Suppose c*l + o + 0*o - 323 = 0, -4 = 2*o. Is l prime?
False
Let f be -247*1/((-1)/1). Suppose 5*x - 3*x + 4*w - 94 = 0, 5*x - f = 2*w. Is x a prime number?
False
Suppose -22*i + 60715 + 5439 = 0. Is i a composite number?
True
Suppose 21*f - 57*f = -244908. Is f composite?
False
Suppose 4*g - 3 = -11. Let s be ((-8)/12)/(g/12). Let p = 25 - s. Is p composite?
True
Let q be ((-15)/6)/((-1)/2). Suppose q = 4*i + i. Let m(r) = 80*r**3 - 2*r**2 + 1. Is m(i) a prime number?
True
Let f = 808 + 1513. Is f a prime number?
False
Suppose 2*g - 5*g - 3 = 0. Let i = g + 4. Suppose -2*f + i*k = -203, 7*k - 2*k - 5 = 0. Is f prime?
True
Let a(m) = -m**3 - 6*m**2 - 2*m - 9. Let r = -10 + 4. Let j be a(r). Suppose 5*w - 5*v = 1701 + 74, -j*v + 347 = w. Is w a prime number?
True
Suppose -59*q = -0*q - 1968181. Is q prime?
True
Is 3/(3/7841) - 4 a prime number?
False
Suppose -4*m + 7395 = 5*x, -5*x + x - m + 5927 = 0. Suppose 4*h - x = 133. Suppose -3*p + h = -43. Is p prime?
True
Suppose 0 = -b - 4*b + 15. Suppose 30 = -b*j + j. Let s = j - -17. Is s composite?
False
Let i(a) = -2*a. Let r be i(-6). Is 29724/72 - (1 + (-14)/r) prime?
False
Let j = -3517 - -6824. Is j composite?
False
Suppose -8*p + 240 = -3*p - 3*g, 96 = 2*p + 3*g. Let b = -16 + 12. Is p - 3/(b - -1) composite?
True
Let p(j) = j + 18. Let m be p(-14). Suppose 3*i = m*i - 3973. Is i a prime number?
False
Let k(z) = -1 + 1 + 2 + 3 + 2*z**2 + 12*z. Let i be k(-6). Suppose -2*h = -8, y + y = -i*h + 232. Is y composite?
True
Let x = 16419 + -4046. Is x prime?
True
Let j = 49 + -46. Suppose -4*k + 5 = -j*k, 4*k - 2566 = -2*a. Is a a composite number?
True
Let v(o) = -1844*o + 3. Suppose 0 = -6*y + 9*y + 3. Is v(y) a prime number?
True
Suppose c - 2*n = 3443, 4*c + 5*n = c + 10362. Suppose -9*m - 227 = -c. Is m a prime number?
False
Let y = 27347 + -10509. Is y composite?
True
Suppose 21 = -3*l + 4*b, -2*l + 4*b = 3*l + 27. Let w = -2 + l. Is ((-2)/(-4))/(w/(-3170)) composite?
False
Suppose -16425 = -4*d - 5*d. Suppose 165 = -4*j + d. Is j a prime number?
False
Let c(h) = -1768*h + 99. Is c(-41) prime?
False
Suppose 33726 + 6708 = 6*z. Is z a composite number?
True
Let g be ((-9501)/(-6))/((-3)/(-6)). Suppose 3*o + 4*d = g, -2*d + 3*d + 4191 = 4*o. Is o a prime number?
True
Suppose -4*u - 2*b = -156 - 148, -2*b + 156 = 2*u. Is u a prime number?
False
Let c = 41 + 1394. Let g = -878 + c. Is g prime?
True
Let y(l) = 471*l - 43. Is y(15) composite?
True
Suppose -2*m = 139 - 41. Let b be 6/(-14) + (-21)/m. Is b + -3 - (-19 + -197) a prime number?
False
Suppose 19*u = 21*u. Suppose u = 10*l + 1511 - 14141. Is l composite?
True
Let r = -1465 - -834. Suppose 3*q - n + 2876 = -5*n, 0 = -4*q - 3*n - 3837. Let w = r - q. Is w composite?
True
Let f = -36 + 40. Suppose 0 = -f*h + 204. Is h composite?
True
Suppose 1 - 7 = 3*p. Let t be 0 + (2*-22 - 2). Is t/(16/12 + p) composite?
True
Suppose -3*k + 2*v = -k - 64340, -4*v + 4 = 0. Is k a composite number?
True
Is ((-26)/3)/(-11*22/11253) prime?
False
Let a(o) = 2*o**2 + 5*o - 23. Let d be a(-10). Suppose -2*y = 3*g - 257 - 124, g = -y + d. Is g a prime number?
True
Suppose 3*u - 22 = -5*g, 1 = -g + u + 7. Suppose g*x = 5135 + 620. Is x a composite number?
False
Suppose -51506 = -2*p + 4*i, -4*p + 30*i + 103021 = 25*i. Is p prime?
True
Let c = 70 - 68. Suppose c*k + 2*k = 6172. Is k a prime number?
True
Suppose 5*g + 358 = 2*t, -3*g - g = -4*t + 296. Is 28/g + 6314/10 a composite number?
False
Let o = -10 + 13. Let q be (3 + -6)*(-1 - 0). Suppose -2*c = -4*s - 226, -o*c - q*s + 617 = 2*c. Is c a composite number?
True
Suppose 2*p + 8879 + 6751 = 5*m, 2*p = 3*m - 9378. Let q be m/5 + 2/(-10). Let n = q - 334. Is n a composite number?
True
Let x(w) = -22*w**2 - w - 13. Let m be x(10). Let k = -1076 - m. Is k prime?
False
Let s(d) = -d**2 - 21*d - 22. Let f be s(-20). Let h be 5*(0 + f)*1. Is (-4)/h + (-1620)/(-75) a composite number?
True
Let h = -21 - -29. Let n(f) = 4*f - 1 - 9*f + 29*f. Is n(h) prime?
True
Let h = 66 - 31. Let o = h + -32. Suppose -2*n + 1355 = -o*j, 5*n + 2*j = -3*j + 3350. Is n composite?
False
Let g(c) = c**2 - c + 1. Let q(m) be the third derivative of -m**5/10 - 5*m**3/6 - 3*m**2. Let t(n) = -g(n) - q(n). Is t(5) a composite number?
True
Let c(p) = p + 11. Let u be c(-5). Let x = 8 - u. Is ((-1)/x)/(1/(-158)) composite?
False
Suppose -12 = 4*z, 2*z - 3 = -3*y + 3*z. Suppose 5*u + y = 5. Is (5 + -3 - -125)*u prime?
True
Is (6/(-4) - 161350/(-28)) + -3 a composite number?
True
Let h = -2358 + 4289. Is h a composite number?
False
Suppose 203 = o + 3*k, 2*k = 2*o - 299 - 123. Suppose -18*p = -17*p - o. Is p composite?
True
Let a = -13 + 14. Let b be (a + 1)/((-18)/(-27)). Suppose b*j = -j + 508. Is j prime?
True
Let y be 296 - 0/(-1*3). Let i be ((-135)/18)/((-6)/(-152)). Let m = y + i. Is m a composite number?
True
Suppose 0 = 278*s - 263*s - 11775. Is s prime?
False
Let g = 1 + 3. Let w = -294 - -1508. Suppose n = -3*k + 238, -5*n + g*k + w = 43. Is n prime?
False
Let p(q) = -56*q + 17. Let s = 28 - 26. Suppose -2*d - 43 = 5*l, s*l - 3*l - d = 8. Is p(l) a prime number?
True
Supp